8
Let l(t) = -75635*t - 8546749. Calculate l(-113).
6
Let z(t) = -2266*t + 30536. Give z(13).
1078
Let h(m) = 66*m**2 - 1140*m - 4568. Give h(-4).
1048
Let v(c) = 24*c**3 - 2067*c**2 + 268*c - 829. What is v(86)?
31
Let h(i) = 124*i - 2879. What is h(21)?
-275
Let i(r) = -90344*r + 4155848. Calculate i(46).
24
Let n(f) = 381*f + 7420. Give n(-20).
-200
Let o(k) = -51*k**3 + 22*k**2 - 27*k + 1. Calculate o(2).
-373
Let v(c) = -32*c**2 - 4096*c - 144. Give v(-128).
-144
Let g(p) = -37*p**2 - 1116*p + 3462. Determine g(-33).
-3
Let h(x) = -3965*x + 44705. What is h(11)?
1090
Let o(i) = -i**3 - 81*i**2 - 433*i + 39450. Calculate o(-65).
-5
Let n(s) = 884*s - 101605. What is n(115)?
55
Let p(t) = -4*t**2 - 7223*t + 572050. Calculate p(76).
-2
Let s(i) = 131*i**2 + 47*i - 35. What is s(1)?
143
Let j(n) = 871*n + 85015. What is j(-94)?
3141
Let g(i) = 2*i**3 + 59*i**2 - 1125*i - 29631. What is g(-33)?
-129
Let b(p) = -3*p**2 + 33*p - 32. Calculate b(19).
-488
Let j(n) = 21*n**3 + 81*n**2 - 2149*n - 8536. What is j(-4)?
12
Let d(l) = 84*l + 5504. Calculate d(-82).
-1384
Let b(x) = x**3 - 5*x**2 - 126*x + 27. What is b(14)?
27
Let c(v) = -v**2 + 2725*v - 8156. Determine c(3).
10
Let f(l) = -3*l**2 - 41*l + 2528. Determine f(33).
-2092
Let n(h) = 560*h**2 - 10631*h - 183. Give n(19).
-12
Let h(j) = 3*j**2 - 324*j - 380. Calculate h(0).
-380
Let o(m) = -3904*m + 15539. What is o(4)?
-77
Let k(p) = 45078*p**2 - 90053*p + 3. Calculate k(2).
209
Let j(b) = 2*b**3 + 24*b**2 + 13*b - 16. What is j(-9)?
353
Let j(a) = 41*a + 3208. Calculate j(-69).
379
Let c(x) = 178*x**2 - 1055*x + 27. What is c(7)?
1364
Let j(b) = 678*b + 1982. Determine j(-3).
-52
Let s(k) = -3*k**3 + k**2 + 1568*k - 1568. Calculate s(1).
-2
Let d(l) = 19*l**2 + 115*l + 98. What is d(-1)?
2
Let l(k) = -3478*k - 3614. Give l(-1).
-136
Let q(h) = -h**3 - 11*h**2 + 301*h - 267. Calculate q(-24).
-3
Let u(g) = g**3 - 193*g**2 + 27*g - 5013. Give u(193).
198
Let x(b) = -22*b**2 + 10547*b - 103236. Determine x(10).
34
Let c(i) = -5*i**2 + 501*i - 12416. Determine c(55).
14
Let y(a) = -65*a + 185. What is y(-1)?
250
Let r(f) = -f**3 + 269*f**2 + 452*f + 24396. Give r(271).
6
Let u(v) = 262*v**2 + 522*v - 8. Determine u(-2).
-4
Let i(l) = 3*l**3 + 107*l**2 - 1020*l + 55. What is i(9)?
1729
Let z(o) = o**2 - 3901*o + 69873. Give z(18).
-21
Let t(i) = -67*i**2 - 1843*i + 46645. What is t(16)?
5
Let o(a) = a**3 - 73*a**2 - 53*a + 4779. Determine o(-8).
19
Let i(f) = -918*f + 8568. What is i(9)?
306
Let d(v) = 27*v + 1380. Give d(-79).
-753
Let h(l) = -2*l**2 + 474*l - 12238. What is h(197)?
3522
Let g(h) = -1108*h + 26652. Calculate g(24).
60
Let p(o) = -1510860*o - 1510863. Give p(-1).
-3
Let o(r) = -r**2 + 268*r - 1049. Calculate o(4).
7
Let r(w) = -4141*w + 103556. Calculate r(25).
31
Let y(s) = 30*s**2 - 348*s + 290. Give y(12).
434
Let k(c) = -c**2 + 41*c - 575. Calculate k(35).
-365
Let k(t) = 5727*t - 641398. Determine k(112).
26
Let u(s) = 143*s + 5442. What is u(-44)?
-850
Let p(r) = -r**3 + 18*r**2 + 6*r + 164. Calculate p(19).
-83
Let d(q) = -540*q**2 + 15656*q + 181. Calculate d(29).
65
Let s(l) = 6*l**3 + 35*l**2 + 244*l - 24. What is s(-8)?
-2808
Let v(i) = i**2 - 26*i - 5622. Determine v(90).
138
Let l(q) = -4*q**2 - 1351*q - 49679. What is l(-42)?
7
Let p(i) = 289*i - 3898. Determine p(15).
437
Let b(q) = -q**2 - 1230*q - 231589. What is b(-232)?
-53
Let v(d) = 23*d**3 + 37*d**2 - 136*d + 76. Determine v(4).
1596
Let u(a) = 1704516*a - 13636129. Determine u(8).
-1
Let g(u) = -30*u**3 - 10*u**2 + 5. What is g(2)?
-275
Let d(s) = -221*s**3 + 34*s**2 + 37*s + 1. Determine d(-2).
1831
Let u(j) = -j**3 + j**2 + 793*j - 1. Determine u(-27).
-1000
Let g(k) = -311*k**2 + 20550*k - 282. Determine g(66).
1302
Let k(x) = x**2 - 7*x - 362. Determine k(-18).
88
Let o(u) = -11*u**3 - 354*u**2 - 7*u + 1835. Determine o(-32).
11
Let y(o) = 11*o**2 + 24654*o + 24655. What is y(-1)?
12
Let q(k) = 34*k**2 - 215*k + 75. Give q(6).
9
Let a(s) = -s**3 - 8*s**2 + 511*s + 5530. Give a(-12).
-26
Let z(d) = d**2 + 128*d - 2287. Determine z(-144).
17
Let u(v) = v**2 - 76*v + 621. Determine u(11).
-94
Let v(g) = -69*g + 3993. Determine v(54).
267
Let q(i) = -i**3 - 24*i**2 - 310*i - 3544. What is q(-18)?
92
Let l(f) = -2*f**2 + 33*f + 106. Give l(18).
52
Let b(x) = -4496*x + 16107. What is b(4)?
-1877
Let u(b) = 59*b**2 - 6478*b - 1513. Calculate u(110).
-193
Let n(k) = -2*k**2 + 2056*k - 101503. Give n(52).
1
Let x(l) = -l**3 + 83*l**2 + 1743*l - 47528. Give x(96).
-8
Let j(n) = 4*n**3 + 22*n**2 + 12*n - 19. Give j(4).
637
Let t(h) = 4*h**2 - 567*h + 5182. Calculate t(120).
-5258
Let c(k) = 71308*k + 927015. Calculate c(-13).
11
Let d(a) = 14*a**2 + 153*a + 434. What is d(-3)?
101
Let c(z) = -2*z**3 + 214*z**2 + 545*z - 35536. What is c(108)?
-4
Let u(c) = -c**2 + 93*c - 2279. Give u(19).
-873
Let y(i) = -50*i**2 + 896*i - 1377. What is y(16)?
159
Let t(g) = 2*g**2 + 16123*g - 96808. Give t(6).
2
Let b(p) = 2*p**3 + 78*p**2 - 5429*p - 2257. Determine b(-75).
-82
Let k(d) = 40*d**2 + 352*d - 510. What is k(-10)?
-30
Let p(k) = -k**2 + 73*k - 759. Calculate p(46).
483
Let n(c) = -c**2 - 2877*c - 56835. What is n(-20)?
305
Let u(m) = m**3 + 67*m**2 + 56*m - 8711. Give u(-64).
-7
Let n(f) = f**3 - 15*f**2 + 439*f - 5949. Give n(14).
1
Let a(u) = -2292*u**2 + 194817*u + 206. Give a(85).
-49
Let z(d) = -d**3 + 960*d**2 - 21563*d + 276. Give z(23).
0
Let o(g) = -g**3 - 264*g**2 + 3922*g + 77. Give o(14).
497
Let x(b) = -9*b**3 - 449*b**2 - 389*b - 4. Calculate x(-49).
-151
Let l(x) = -10414*x + 125054. Give l(12).
86
Let h(d) = d**3 + 23*d**2 + 305*d + 3336. Give h(-16).
248
Let w(u) = -51*u**3 + 257*u**2 - 95*u + 421. Give w(5).
-4
Let t(u) = -547259*u + 5472583. Calculate t(10).
-7
Let x(s) = -5738*s - 453393. Give x(-79).
-91
Let n(a) = 17*a**3 + 64*a**2 - 10*a - 15. Calculate n(-4).
-39
Let p(r) = -4*r**3 + 18*r**2 + 63*r - 389. What is p(5)?
-124
Let x(t) = -t**2 - 245*t - 5066. Give x(-24).
238
Let z(g) = -5774*g - 52351. Calculate z(-9).
-385
Let a(t) = 3*t**2 + 4753*t + 42566. What is a(-9)?
32
Let o(y) = 457*y**2 + 4102*y + 7. Give o(-9).
106
Let k(m) = -7*m**2 - 285*m - 1842. Give k(-33).
-60
Let c(d) = 2*d**2 - 22*d - 946. Determine c(28).
6
Let c(k) = 2*k**3 + 99*k**2 + 584*k - 40. Give c(-7).
37
Let i(f) = 2198*f - 14922. Determine i(7).
464
Let r(k) = 5*k**3 - 26*k**2 + 103*k - 7. Give r(4).
309
Let a(h) = 396*h + 339. Give a(3).
1527
Let z(u) = 2*u**3 + 547*u**2 + 819*u + 472. Calculate z(-272).
-344
Let b(i) = -2*i**2 + 1331*i - 174750. What is b(180)?
30
Let q(n) = -n**3 - 37*n**2 + 15136*n - 3153. Calculate q(-143).
-7
Let o(w) = -2308*w - 27628. Give o(-12).
68
Let l(s) = 63*s**2 - 5155*s + 4194. Give l(81).
-18
Let k(m) = 6*m**2 + 1346*m + 9556. Calculate k(-217).
8
Let k(z) = 20*z**2 - 1968*z + 784. Determine k(98).
0
Let y(r) = 9*r**3 + 38*r**2 - 13*r - 74. Give y(-7).
-1208
Let p(y) = 117*y**2 + 2*y - 580. Give p(0).
-580
Let g(v) = -6*v**3 + 366*v**2 + 3801*v - 1445. What is g(70)?
25
Let f(z) = -321*z**2 - 1575*z + 217. What is f(-5)?
67
Let n(h) = 130*h**2 + 2209*h + 2072. Determine n(-16).
8
Let s(z) = z**3 - 8*z**2 - 41595*z - 652. Calculate s(208).
388
Let a(l) = 1818*l - 645009. What is a(355)?
381
Let i(d) = 19*d**3 - 285*d**2 + 285*d - 268. Calculate i(14).
-2
Let p(j) = 310*j - 200876. Calculate p(648).
4
Let u(q) = 66016*q + 1320343. What is u(-20)?
23
Let s(z) = 2*z**3 + 533*z**2 + 9374*z + 2574161. Determine s(-267).
14
Let o(a) = a**3 + 548*a**2 - 1120*a - 11009. Calculate o(-550).
-9
Let s(l) = -187*l**3 - 368*l**2 + 12*l + 4. What is s(-2)?
4
Let b(t) = t**3 - 20*t**2 - 177*t + 3110. Determine b(22).
184
Let o(f) = -8249*f - 16502. Give o(-2).
-4
Let d(k) = 35704*k - 428453. Calculate d(12).
-5
Let b(i) = -7*i**3 - 298*i**2 + 410*i - 1352. Calculate b(-44).
-32
Let r(u) = -3*u**2 + 102*u - 730. Give r(26).
-106
Let k(y) = -742*y + 5747. Determine k(10).
-1673
Let z(v) = -1094*v + 273722. What is z(250)?
222
Let u(b) = -389*b - 7024. What is u(-18)?
-22
Let o(g) = -1759*g - 13264. Determine o(-8).
808
Let c(m) = -24*m**2 - 362*m - 51. Determine c(-16).
-403
Let p(b) = -10*b**2 + 330*b + 1361. What is p(36)?
281
Let n(y) = y**3 - 20*y**2 + 257. What is n(11)?
-832
Let q(m) = 45